ctors of 565.
5, 113
What are the prime factors of 2171?
13, 167
What are the prime factors of 2071?
19, 109
List the prime factors of 2131.
2131
What are the prime factors of 1236?
2, 3, 103
What are the prime factors of 13605?
3, 5, 907
What are the prime factors of 59593?
23, 2591
List the prime factors of 293.
293
List the prime factors of 618.
2, 3, 103
List the prime factors of 12522.
2, 3, 2087
What are the prime factors of 255?
3, 5, 17
List the prime factors of 1938.
2, 3, 17, 19
What are the prime factors of 141300?
2, 3, 5, 157
What are the prime factors of 15988?
2, 7, 571
What are the prime factors of 21908?
2, 5477
List the prime factors of 4341.
3, 1447
List the prime factors of 36801.
3, 29, 47
List the prime factors of 6484.
2, 1621
What are the prime factors of 3839?
11, 349
List the prime factors of 3484.
2, 13, 67
List the prime factors of 990.
2, 3, 5, 11
List the prime factors of 1999.
1999
What are the prime factors of 7097?
47, 151
What are the prime factors of 229?
229
List the prime factors of 70827.
3, 23609
What are the prime factors of 22539?
3, 11, 683
What are the prime factors of 697?
17, 41
List the prime factors of 5043.
3, 41
What are the prime factors of 17676?
2, 3, 491
What are the prime factors of 5974?
2, 29, 103
List the prime factors of 901.
17, 53
What are the prime factors of 2037?
3, 7, 97
List the prime factors of 3212.
2, 11, 73
List the prime factors of 85600.
2, 5, 107
List the prime factors of 119670.
2, 3, 5, 3989
List the prime factors of 1254.
2, 3, 11, 19
What are the prime factors of 69538?
2, 7, 4967
List the prime factors of 720.
2, 3, 5
List the prime factors of 8885.
5, 1777
List the prime factors of 4643.
4643
What are the prime factors of 769?
769
What are the prime factors of 2662?
2, 11
List the prime factors of 1078.
2, 7, 11
What are the prime factors of 2048?
2
List the prime factors of 159990.
2, 3, 5, 5333
List the prime factors of 67920.
2, 3, 5, 283
List the prime factors of 17946.
2, 3, 997
What are the prime factors of 34912?
2, 1091
List the prime factors of 4082.
2, 13, 157
What are the prime factors of 34099?
13, 43, 61
List the prime factors of 1522.
2, 761
List the prime factors of 18772.
2, 13, 19
What are the prime factors of 13909?
7, 1987
List the prime factors of 3958.
2, 1979
What are the prime factors of 33626?
2, 17, 23, 43
What are the prime factors of 21950?
2, 5, 439
List the prime factors of 4143.
3, 1381
What are the prime factors of 49662?
2, 3, 31, 89
What are the prime factors of 19755?
3, 5, 439
List the prime factors of 2812.
2, 19, 37
List the prime factors of 2930.
2, 5, 293
What are the prime factors of 28138?
2, 11, 1279
What are the prime factors of 3614?
2, 13, 139
List the prime factors of 54153.
3, 11, 547
List the prime factors of 45245.
5, 9049
List the prime factors of 2421.
3, 269
What are the prime factors of 82254?
2, 3, 13709
List the prime factors of 8190.
2, 3, 5, 7, 13
What are the prime factors of 29?
29
What are the prime factors of 10241?
7, 11, 19
What are the prime factors of 41780?
2, 5, 2089
List the prime factors of 20378.
2, 23, 443
List the prime factors of 772.
2, 193
List the prime factors of 20834.
2, 11, 947
List the prime factors of 530.
2, 5, 53
What are the prime factors of 63?
3, 7
List the prime factors of 24994.
2, 12497
List the prime factors of 52358.
2, 47, 557
List the prime factors of 64462.
2, 167, 193
List the prime factors of 11944.
2, 1493
List the prime factors of 169.
13
What are the prime factors of 9967?
9967
What are the prime factors of 4000?
2, 5
List the prime factors of 5436.
2, 3, 151
List the prime factors of 10226.
2, 5113
What are the prime factors of 9341?
9341
List the prime factors of 5500.
2, 5, 11
List the prime factors of 1089.
3, 11
What are the prime factors of 927?
3, 103
What are the prime factors of 242?
2, 11
List the prime factors of 142997.
151, 947
List the prime factors of 2923.
37, 79
What are the prime factors of 10783?
41, 263
List the prime factors of 6145.
5, 1229
List the prime factors of 61457.
11, 37, 151
What are the prime factors of 89195?
5, 17839
What are the prime factors of 1528?
2, 191
What are the prime factors of 32503?
32503
List the prime factors of 25191.
3, 311
What are the prime factors of 38949?
3, 12983
List the prime factors of 25330.
2, 5, 17, 149
List the prime factors of 1407.
3, 7, 67
List the prime factors of 502.
2, 251
List the prime factors of 58417.
58417
What are the prime factors of 4015?
5, 11, 73
What are the prime factors of 13116?
2, 3, 1093
What are the prime factors of 429?
3, 11, 13
What are the prime factors of 28?
2, 7
List the prime factors of 1566.
2, 3, 29
What are the prime factors of 6827?
6827
What are the prime factors of 6889?
83
List the prime factors of 3243.
3, 23, 47
List the prime factors of 14465.
5, 11, 263
What are the prime factors of 14857?
83, 179
What are the prime factors of 986?
2, 17, 29
List the prime factors of 4295.
5, 859
List the prime factors of 16502.
2, 37, 223
List the prime factors of 49300.
2, 5, 17, 29
What are the prime factors of 113446?
2, 131, 433
List the prime factors of 99.
3, 11
What are the prime factors of 2192?
2, 137
What are the prime factors of 89447?
23, 3889
What are the prime factors of 42091?
7, 859
What are the prime factors of 8359?
13, 643
List the prime factors of 2944.
2, 23
List the prime factors of 385.
5, 7, 11
What are the prime factors of 770?
2, 5, 7, 11
List the prime factors of 5571.
3, 619
List the prime factors of 818.
2, 409
What are the prime factors of 24388?
2, 7, 13, 67
What are the prime factors of 98?
2, 7
List the prime factors of 3051.
3, 113
List the prime factors of 3043.
17, 179
List the prime factors of 1876.
2, 7, 67
What are the prime factors of 236?
2, 59
What are the prime factors of 4428?
2, 3, 41
What are the prime factors of 3764?
2, 941
What are the prime factors of 82998?
2, 3, 29, 53
List the prime factors of 4484.
2, 19, 59
List the prime factors of 156390.
2, 3, 5, 13, 401
List the prime factors of 65240.
2, 5, 7, 233
List the prime factors of 23736.
2, 3, 23, 43
What are the prime factors of 20136?
2, 3, 839
List the prime factors of 1900.
2, 5, 19
What are the prime factors of 52646?
2, 11, 2393
List the prime factors of 14368.
2, 449
What are the prime factors of 1704?
2, 3, 71
What are the prime factors of 3669?
3, 1223
List the prime factors of 5089.
7, 727
List the prime factors of 594.
2, 3, 11
List the prime factors of 68135.
5, 13627
What are the prime factors of 5669?
5669
What are the prime factors of 6549?
3, 37, 59
What are the prime factors of 41871?
3, 17, 821
List the prime factors of 1415.
5, 283
What are the prime factors of 767?
13, 59
What are the prime factors of 14339?
13, 1103
List the prime factors of 212.
2, 53
List the prime factors of 1125.
3, 5
What are the prime factors of 3251?
3251
List the prime factors of 757.
757
List the prime factors of 5112.
2, 3, 71
List the prime factors of 655.
5, 131
What are the prime factors of 1879?
1879
List the prime factors of 6933.
3, 2311
What are the prime factors of 2651?
11, 241
List the prime factors of 13632.
2, 3, 71
What are the prime factors of 25211?
17, 1483
What are the prime factors of 50769?
3, 5641
What are the prime factors of 9199?
9199
List the prime factors of 19685.
5, 31, 127
List the prime factors of 142.
2, 71
List the prime factors of 3508.
2, 877
List the prime factors of 23623.
23623
List the prime factors of 14622.
2, 3, 2437
What are the prime factors of 33128?
2, 41, 101
List the prime factors of 164542.
2, 7, 23, 73
What are the prime factors of 45411?
3, 15137
List the prime factors of 583.
11, 53
List the prime factors of 4232.
2, 23
What are the prime factors of 1049?
1049
List the prime factors of 9270.
2, 3, 5, 103
What are the prime factors of 5824?
2, 7, 13
List the prime factors of 1594.
2, 797
What are the prime factors of 6651?
3, 739
What are the prime factors of 11044?
2, 11, 251
List the prime factors of 85469.
85469
What are the prime factors of 85634?
2, 47, 911
What are the prime factors of 1943?
29, 67
List the prime factors of 1140.
2, 3, 5, 19
List the prime factors of 4314.
2, 3, 719
What are the prime factors of 4007?
400